ose x - 2*s = 4497, 10*x = 14*x + 5*s - 18027. What is the tens digit of x?
0
Suppose -2*f - 2*n + 6*n - 3338 = 0, 0 = 4*f + 3*n + 6698. Let r = f + 2368. What is the tens digit of r?
9
Suppose 3*m = 9463 + 84995. What is the hundreds digit of m?
4
Suppose 20*w + 18796 - 123516 = 0. What is the hundreds digit of w?
2
Suppose 18 = -15*w + 93. Let t(m) = m**3 + 8*m**2 - 6*m + 12. Let a be t(w). Let f = -123 + a. What is the units digit of f?
4
Let c(u) = 2*u + 16. Let d be c(-6). Suppose 13*s - d*s - 13932 = 0. Suppose -22*p = -16*p - s. What is the tens digit of p?
5
Let d(h) be the first derivative of 4*h**2 + 145*h + 19. What is the units digit of d(0)?
5
Let m(y) = 3*y + 30. Let l be m(-10). Suppose 2*p = 3*b + 2562, l = -2*p + 2*b - 6*b + 2576. What is the units digit of p?
4
Suppose 0 = -i - 14*w + 4854, 5*i - 23915 = 5*w - 4*w. What is the thousands digit of i?
4
Let d = 14091 + 6101. What is the hundreds digit of d?
1
Let r = 8223 - 733. What is the units digit of r?
0
Let x = -6357 + 21118. What is the tens digit of x?
6
Let k(i) = -i**3 - 4*i**2 - 3*i - 16. Let n be k(-5). Let t be n/(1/4*1). Suppose 99 = 3*d - t. What is the tens digit of d?
6
Let i be 5/25 - (-1 + (-21595)/25). Let q = i + -37. What is the hundreds digit of q?
8
Let h be (48 - (-3 + 4))*-5. Let i = -171 - h. What is the units digit of i?
4
Suppose 23*o = 58*o + 10430. What is the units digit of (-19)/((-152)/192)*o/(-6)?
2
Let z(x) = 19*x**2 + 19*x + 35. What is the units digit of z(-12)?
3
Suppose 0 = j + 1 - 6, 4*j = 5*q - 1010. Suppose 796*o - 775*o - 2961 = 0. Let z = q - o. What is the units digit of z?
5
Let c(z) = 48 + 19*z**2 + 38*z**3 - 37*z**3 - 22*z - 6*z**2. What is the tens digit of c(-14)?
6
Let s be (9 - -3)/(4/14). Suppose s = 2*v - 42. Let r = v + 83. What is the tens digit of r?
2
Suppose -4*r = -5*g - 14138, -5*g - 6981 = -2*r + 73. What is the units digit of r?
2
Let f(b) = b**2 - 3*b - 5. Let n be f(-2). Suppose 10*q - n*q = 2475. Suppose 0 = 5*m - q + 55. What is the tens digit of m?
8
Let m(v) = v**3 - 6*v**2 + v + 12. Let a be m(5). Let l be (-6)/(-10) + (a/(-20) - -3). Suppose 10 = -5*g, 3*g - 90 = -l*z + 2*z. What is the units digit of z?
8
Suppose -5*v = -5*l + 377755, 112653 = 2*l + v - 38467. What is the units digit of l?
7
Let t(m) = -363*m - 639. What is the units digit of t(-19)?
8
Suppose -43*v = -9*v. Let o(q) = -q + 52. Let a be o(0). Suppose -f + a - 8 = v. What is the units digit of f?
4
Let y = -25758 - -65231. What is the tens digit of y?
7
Let k(x) be the third derivative of -3*x**6/40 + 7*x**5/60 - 5*x**4/24 - 7*x**3/3 + 178*x**2. What is the hundreds digit of k(-4)?
6
Suppose 4*j - 454405 = 13*j - 44*j. What is the thousands digit of j?
2
Suppose -35*q + 29*q - 120 = 0. Let h(l) = l**2 + 30*l - 20. Let s be h(q). Let o = s + 427. What is the units digit of o?
7
Let w(c) = -2 - 4*c + 43*c**2 - c - 23*c**2 + 151 - c**3. What is the units digit of w(9)?
5
Let q(j) be the first derivative of -j**4/4 - 7*j**3/3 - 2*j**2 + 16*j + 24. Let r be q(-6). Suppose -219 = -r*a + 101. What is the units digit of a?
0
Let t(c) = c**3 + 16*c**2 + 16*c + 17. Let i be t(-15). Suppose -3*h + 4*b + 552 = h, i*b - 292 = -2*h. Suppose -317 = -9*y + h. What is the tens digit of y?
5
Let q(s) be the third derivative of 13*s**4/24 + 20*s**3 + 70*s**2. What is the units digit of q(0)?
0
Let k(d) be the first derivative of d**4/4 - d**3 - 11*d**2/2 + 8*d + 109. What is the units digit of k(5)?
3
Let l = -611 - -395. Let h be (-1911)/(-8) + (-27)/l. Suppose 2*x + d = 163 + h, 4*x = 5*d + 776. What is the hundreds digit of x?
1
Let j be 0/(4/((-20)/15)). Suppose j = b + 347 - 841. What is the hundreds digit of b?
4
Let l = 9 + -1. Suppose 0 = 2*g - l*g + 582. Suppose -2*j = q - g, 0 = 4*j - 3*q + 7*q - 200. What is the tens digit of j?
4
Let w(y) = 7*y**3 - 5*y**2 - 5*y - 5. Let k be w(4). Let b = 605 - k. What is the hundreds digit of b?
2
Let k = 13 - 14. Let m be (k - 0)/(-3) - 845/15. What is the tens digit of (-7)/(m/(-6)) - (-126)/8?
1
Suppose b - 5*b = 0, 2*i - 12*b = -8*b. What is the units digit of ((3 - 0) + i)*401 - 4?
9
Suppose 3*s + r = -11, 2*s = -2*s - r - 14. Let p(y) = -6*y - 4. Let w(t) = -56*t - 50. Let n(l) = 12*p(l) - w(l). What is the units digit of n(s)?
0
Suppose -101*i - 608664 = -223*i + 110*i. What is the units digit of i?
2
Let z(r) = -11*r - 3. Let g be z(-6). Let c be 22698/g + 4/(-14). Suppose 10*h - 70 = c. What is the units digit of h?
3
Suppose -3*s + 94549 = -y, 6*s - 2*s + 3*y = 126087. What is the units digit of s?
8
Suppose 9*t + 60 = 15*t. Let m = -7 + t. Suppose -n + 245 = 6*a - m*a, n - 239 = 3*a. What is the hundreds digit of n?
2
What is the tens digit of (-8)/44 - (-3 + 2840922/(-99))?
9
Suppose 3*w - 2*c = -40, c + 0*c - 38 = 3*w. What is the hundreds digit of (-14 + 610)*(-9)/w?
4
Let f = 97 - 92. Suppose f*y - 8*y + 282 = 0. Suppose -3*d + 23 = -y. What is the units digit of d?
9
Suppose -2*o - l = -2*l - 3486, l - 3490 = -2*o. Suppose 40*a - 42*a + o = 0. What is the units digit of a?
2
Suppose -3443709 = -6*p - 103*p + 2140688. What is the ten thousands digit of p?
5
Let a = -7487 - -33138. What is the thousands digit of a?
5
Let l = -92 + 164. Let i = l + -30. Suppose 2*z = -16 + i. What is the units digit of z?
3
Let i(v) = v. Let c(y) = -2*y - 17. Let a(j) = 2*c(j) + 6*i(j). Let k be a(19). Suppose k*f + 700 + 140 = 4*x, -411 = -2*x - f. What is the tens digit of x?
0
Let q(d) = -d**2 - 1. Let v(j) = j**3 - 8*j - 3. Let o(a) = -6*q(a) - v(a). Let r be o(7). Suppose 93 = 19*b - r*b. What is the units digit of b?
1
Suppose 0*l = -5*l - 45. Let z(b) = -6*b - 2 - 3 + 0 + 3 + 8. What is the tens digit of z(l)?
6
Let t = 54042 - 17185. What is the tens digit of t?
5
Suppose 11*l + 51*l = -114*l + 6151024. What is the hundreds digit of l?
9
Let k be (-1 + 515)*21/42. Let d = 534 - k. What is the hundreds digit of d?
2
Suppose 0 = 2*j - 5*s - 36534, -3*s + 63995 - 9194 = 3*j. What is the units digit of j?
7
Let b be (6/15)/((-24)/(-300)). Let y(s) = 3*s**2 + 7*s + 30. Let w be y(-12). Suppose 0 = 2*v - 5*u - 128, b*v + 3*u - u - w = 0. What is the units digit of v?
4
Suppose -76 = -4*v - 2*l, -4*l - 2 = -3*v + 33. Let k(n) = n**3 - 15*n**2 - 6*n - 73. What is the tens digit of k(v)?
0
Let j = 3146 - 1724. Suppose -3*o - 138 = -j. What is the hundreds digit of o?
4
Let p(u) = u**3 - 37*u**2 + 50*u + 24. Let o be p(36). Suppose o*b - 411 = 525*b. What is the hundreds digit of b?
1
Let d(s) = -s**3 - s**2 - 11*s - 820. Let p(j) = -6*j**3 - 5*j**2 - 57*j - 4099. Let x(h) = -11*d(h) + 2*p(h). What is the hundreds digit of x(0)?
8
Let h = -99 + 71. Suppose -3128 = -49*i + 3*i. Let c = i + h. What is the units digit of c?
0
Let j(a) = 4*a + 11. Suppose 0 = -3*q + 3*l - 24, l = 2*q + 4*l + 1. Let k be j(q). What is the tens digit of 121 + (-4)/18 + (-20)/k?
2
Let a = 14 + -10. Suppose -a*h = -2*p - 2146, 10*h + 3*p - 2121 = 6*h. What is the units digit of h?
4
Suppose 32*u - 174 = -46. Let d = 122 - 54. Suppose -5*x - u*y + 30 = -238, 0 = x - 4*y - d. What is the tens digit of x?
5
Let s(d) = -d**2 - 13*d + 1. Let p(o) = o**3 + 2*o**2 + 4*o + 9. Let x be p(-3). Let u be s(x). Suppose 0 = -2*z - u*z + 1800. What is the units digit of z?
0
Let o = 35356 + -25139. What is the hundreds digit of o?
2
What is the tens digit of 37385435/3930 + 2*(-1)/(-12)?
1
Let j(o) = 7*o**2 - 7*o + 5447. What is the ten thousands digit of j(70)?
3
Let a be 150/(-60)*(-3076)/(-5). Let v = -852 - a. What is the units digit of v?
6
Let h(g) = 24*g**3 + 15*g**2 + 19*g - 15. Let j(m) = -13*m**3 - 7*m**2 - 9*m + 7. Let x(w) = 4*h(w) + 9*j(w). What is the hundreds digit of x(-2)?
1
What is the tens digit of (428676/54)/2 + (-2)/9?
6
Let j(r) = 7 - 3*r**2 + 0 - r**3 - 10 + r. Let t be j(-3). What is the units digit of 7/((-84)/(-8))*(-279)/t?
1
What is the tens digit of (-4)/(-20) + ((-1095654)/(-30) - -6)?
2
Let i be (214030/136)/((-5)/(-24)). Suppose 3*z - 8*z + 7566 = -3*f, -5*z - 3*f = -i. What is the tens digit of z?
1
Let l = 257 + -129. Suppose 5464 = l*p - 124*p. What is the hundreds digit of p?
3
Let w = -17 - -35. Let x be (-6)/(-42) - (-656)/14. Let l = x - w. What is the units digit of l?
9
Let o be 56 + -52 - 5/(-2)*230. Let r = o 